{"id":18,"date":"2016-01-13T13:19:58","date_gmt":"2016-01-13T13:19:58","guid":{"rendered":"http:\/\/savocan.com\/?page_id=165"},"modified":"2016-01-13T13:19:58","modified_gmt":"2016-01-13T13:19:58","slug":"internet","status":"publish","type":"page","link":"https:\/\/www.savocan.com\/?page_id=18","title":{"rendered":"Internet"},"content":{"rendered":"<table width=\"100%\">\n<tbody>\n<tr>\n<td style=\"text-align: center; vertical-align: middle;\">\u00a0<img decoding=\"async\" loading=\"lazy\" class=\"alignnone wp-image-170\" src=\"http:\/\/savocan.com\/wp-content\/uploads\/2016\/01\/presenciainet-300x236.jpg\" alt=\"presenciainet\" width=\"169\" height=\"133\" \/><\/td>\n<td style=\"text-align: center; vertical-align: middle;\">\n<h3><strong>Presencia en Internet<\/strong><\/h3>\n<\/td>\n<td style=\"text-align: center; vertical-align: middle;\"><img decoding=\"async\" loading=\"lazy\" class=\"alignnone wp-image-169\" src=\"http:\/\/savocan.com\/wp-content\/uploads\/2016\/01\/engranajes-300x171.jpg\" alt=\"engranajes\" width=\"154\" height=\"88\" \/><\/td>\n<\/tr>\n<tr>\n<td style=\"text-align: center; vertical-align: middle;\" colspan=\"3\"><span style=\"color: #808080;\"><strong>Tu presencia en internet en manos de profesionales<\/strong><\/span><\/td>\n<\/tr>\n<\/tbody>\n<\/table>\n<p style=\"text-align: justify;\"><span style=\"color: #808080;\"><strong>Tu espacio empresarial o personal en internet. Creamos tu p\u00e1gina web. \u00a1Empieza hoy!, te ayudamos a decidir qu\u00e9 tecnolog\u00eda y contenido se adapta mejor a tus necesidades.<\/strong><\/span><\/p>\n<table style=\"border-spacing: 10px; border-collapse: separate;\" width=\"100%\">\n<tbody>\n<tr>\n<td style=\"background-color: #f0f0f0; text-align: center; font-size: 14px;\"><strong>SERVICIO BRONCE<\/strong><\/td>\n<td style=\"background-color: #f0f0f0; text-align: center; font-size: 14px;\"><strong>SERVICIO PLATA<\/strong><\/td>\n<td style=\"background-color: #f0f0f0; text-align: center; font-size: 14px;\"><strong>SERVICIO ORO<\/strong><\/td>\n<\/tr>\n<tr>\n<td style=\"text-align: center;\"><\/td>\n<td style=\"text-align: center;\"><\/td>\n<td style=\"text-align: center;\"><\/td>\n<\/tr>\n<tr>\n<td style=\"text-align: center;\"><strong>P\u00e1gina web b\u00e1sica<\/strong><\/td>\n<td style=\"text-align: center;\"><strong>P\u00e1gina web Avanzada<\/strong><\/td>\n<td style=\"text-align: center;\"><strong>P\u00e1gina web Premium<\/strong><\/td>\n<\/tr>\n<tr>\n<td style=\"text-align: center; font-size: 11px;\" width=\"33%\">P\u00e1gina web b\u00e1sica<br \/>\nPlantilla predeterminada<\/td>\n<td style=\"text-align: center; font-size: 11px;\" width=\"33%\">P\u00e1gina web Avanzada<br \/>\nPlantilla personalizada<br \/>\nInstalaci\u00f3n de plugins<\/td>\n<td style=\"text-align: center; font-size: 11px;\" width=\"33%\">P\u00e1gina web Premium<br \/>\nPlantilla personalizada<br \/>\nLogo \/ Colores corporativos<br \/>\nInstalaci\u00f3n, ajuste y configuraci\u00f3n de funcionalidades o plugins<\/td>\n<\/tr>\n<\/tbody>\n<\/table>\n<p><span style=\"color: #808080;\"><strong>Contacta ya con nosotros para obtener asesoramiento personalizado. Te ayudaremos a definir tu presupuesto y a sacar el m\u00e1ximo partido a los servicios de internet.<\/strong><\/span><\/p>\n<p><span style=\"color: #808080; font-size: 11px;\">* Los precios y servicios indicados son de car\u00e1cter orientativo y no incluyen: la compra del dominio, los servicios de email, los servicios de hosting o base de datos.<br \/>\n<\/span><\/p>\n","protected":false},"excerpt":{"rendered":"<p>\u00a0 Presencia en Internet Tu presencia en internet en manos de profesionales Tu espacio empresarial o personal en internet. Creamos tu p\u00e1gina web. \u00a1Empieza hoy!, te ayudamos a decidir qu\u00e9 tecnolog\u00eda y contenido se adapta mejor a tus necesidades. SERVICIO BRONCE SERVICIO PLATA SERVICIO ORO P\u00e1gina web b\u00e1sica P\u00e1gina web Avanzada P\u00e1gina web Premium P\u00e1gina [&hellip;]<\/p>\n","protected":false},"author":1,"featured_media":0,"parent":0,"menu_order":40,"comment_status":"closed","ping_status":"closed","template":"","meta":[],"_links":{"self":[{"href":"https:\/\/www.savocan.com\/index.php?rest_route=\/wp\/v2\/pages\/18"}],"collection":[{"href":"https:\/\/www.savocan.com\/index.php?rest_route=\/wp\/v2\/pages"}],"about":[{"href":"https:\/\/www.savocan.com\/index.php?rest_route=\/wp\/v2\/types\/page"}],"author":[{"embeddable":true,"href":"https:\/\/www.savocan.com\/index.php?rest_route=\/wp\/v2\/users\/1"}],"replies":[{"embeddable":true,"href":"https:\/\/www.savocan.com\/index.php?rest_route=%2Fwp%2Fv2%2Fcomments&post=18"}],"version-history":[{"count":0,"href":"https:\/\/www.savocan.com\/index.php?rest_route=\/wp\/v2\/pages\/18\/revisions"}],"wp:attachment":[{"href":"https:\/\/www.savocan.com\/index.php?rest_route=%2Fwp%2Fv2%2Fmedia&parent=18"}],"curies":[{"name":"wp","href":"https:\/\/api.w.org\/{rel}","templated":true}]}}